 derivative of q**6/120 + 7*q**5/60 + 7*q**4/24 - q**3/2 - 14*q**2. Give m(-6).
-9
Suppose 2*b = -4*h - 2, 1 = 4*h + 4*b + 5. Let r be (-1)/2*(0 - 0). Let q(p) = r - 2*p + p + 6. What is q(h)?
6
Let s(n) be the first derivative of -5*n**2 - 351. Suppose 2*m = -u - 5, 9 = -3*u - 0*m - 4*m. What is s(u)?
-10
Let r(a) = a**2 + 3*a - 2. Let k(f) = f + 3. Let z be k(-3). Suppose 1 = -z*x + x. Suppose x = m - 1. What is r(m)?
8
Let y(o) = -o**3 - o - 1. Let s be y(0). Let b(i) = -4*i**3 + i**2 + i + 1. Calculate b(s).
5
Let y(f) = f**3 + 3*f**2 - 4*f - 1. Suppose 4*n + 2*n = -18. Calculate y(n).
11
Suppose -2*k - 3*k + 15 = 0. Let z(s) = -5*s**2 - 14*s + 1. Let i(f) = 3*f**2 + 9*f - 1. Let b(o) = -8*i(o) - 5*z(o). Give b(k).
6
Let a(t) be the first derivative of t**2/2 + t - 9. Calculate a(0).
1
Let m(g) = -g**2 - 4*g + 6. Suppose -5*h + 5*z = 25, -34 + 6 = 5*h - 2*z. Give m(h).
-6
Let h be (-72)/12*1/2. Let v(r) be the third derivative of r**6/120 + r**5/20 - r**4/6 - r**2. Determine v(h).
12
Suppose 0 = 2*f + f - 6, -4*f = 3*m - 8. Suppose -n + 2 = -m*n. Let z(b) = -b**2 + 2*b - 3. Calculate z(n).
-3
Let x be (4/10)/(2/20). Let f(l) = -2*l**2 + 5*l - 2. Calculate f(x).
-14
Let s(m) = -m + 1 + 48*m**2 - 12*m**2 - 18*m**2 - 17*m**2. What is s(0)?
1
Let s(k) = -4*k**2 + k. Let v(u) = -u**3 - 8*u**2 - 7*u + 3. Let h be v(-7). Suppose -24 = -4*m - 2*j, 5*j = -h*m - 2*m + 20. Let o = 7 - m. What is s(o)?
-5
Suppose 0 = -0*y + 2*y - 6. Let g = y - 2. Let z(c) be the first derivative of 3*c**4/2 - 2*c**3/3 + c**2 - c + 4. What is z(g)?
5
Let r(v) = 0 - 21*v - 1 + 0 + 22*v. What is r(1)?
0
Let i(x) = -8*x**2 - x - 1. Let s be i(-1). Let l = s - -7. Let v(g) = -3*g**2 - g. Determine v(l).
-2
Let w(u) = 1. Let z(k) = k + 19. Let i(s) = -5*w(s) + z(s). Give i(-7).
7
Let p(o) = o**2 + 2*o + 2. Let c(t) = t**2 + 2*t + 1. Let h(v) = 7*c(v) - 6*p(v). Determine h(-5).
10
Suppose 34 = -5*h + 3*u, 2*u = -u - 6. Let n(a) = -a**2 - 9*a - 11. Let o be n(h). Let p(x) = -19 + 3*x + 43 + x**2 - 25. Calculate p(o).
-1
Let d(v) = -7*v**3 - 5*v**2 + 7*v - 21. Let n(o) = 11*o**3 + 7*o**2 - 10*o + 32. Let w(r) = -8*d(r) - 5*n(r). Determine w(-6).
8
Suppose -22 = -2*f - 6. Let k be f/(-12) - (-32)/(-6). Let w = k + 11. Let s(m) = m**2 - 5*m - 6. Give s(w).
-6
Let h(k) = 6*k**2 + 1. Let b(g) = -5*g**2. Let i(x) = 5*b(x) + 4*h(x). Suppose -r - 4*t = 19, 4 + 20 = -4*r - 3*t. Determine i(r).
-5
Let h(z) = -z**2 + 9*z - 9. Let y be h(8). Let b be (-2 - (2 - 2))*y. Let r(n) = 2 + 0 + 3*n + n**3 - 6*n. Determine r(b).
4
Let r = -6 - -3. Let t(p) = -4*p**2 - 3*p + 5 - 12 + 5. Let y(f) = f**2 + f. Let b(c) = r*y(c) - t(c). Determine b(2).
6
Let r(d) be the third derivative of -d**6/120 + d**5/20 + d**4/24 + d**3/3 + 4*d**2 + 1. Determine r(3).
5
Let o = -5 - -10. Suppose -5*z - 35 = -5*f, 0 = -4*f - f - 2*z. Let a(y) = -6*y - 2*y + y**f + 4 + 4*y. Calculate a(o).
9
Let m(b) be the second derivative of b**5/20 - b**3/6 - b**2/2 + 3*b + 4. Suppose i + 10 = 6*i. Give m(i).
5
Let y(c) = 5*c - 4. Let p(h) = -8*h + 7. Let b(g) = 6*p(g) + 11*y(g). Determine b(-3).
-23
Let h(b) = 4*b + 3. Let n(w) = 11*w + 1. Let t(y) = -27*y - 3. Let z(k) = 12*n(k) + 5*t(k). Let a(l) = 6*h(l) + 7*z(l). Calculate a(5).
12
Let h(p) be the second derivative of p**3 - 3*p**2/2 + 33*p. Let u = 11 - 8. Determine h(u).
15
Let m be 1*(6 + -1 + 0). Let x(s) be the second derivative of -3/2*s**2 + 1/6*s**3 + 4*s + 0. Calculate x(m).
2
Let n(u) = u**3 + u**2 - 4*u - 4. Let b = -6 + 3. What is n(b)?
-10
Let c(x) = 3*x - 3. Let f = 7 - 3. Suppose 0 = -2*d + u - f*u + 5, 0 = 5*d + 4*u - 16. Let k = d - 2. Determine c(k).
3
Let w(j) = -2*j**2 - 30*j + 2. Let g be w(-15). Let z(k) be the second derivative of 2*k**3/3 - k**2 - k. Calculate z(g).
6
Let g(q) = -q + 1. Let j be g(0). Let v(a) = 2*a - 3*a + 1 + a**3 - a**2 + 4*a**3. Calculate v(j).
4
Let h = -38 - -31. Let d(x) = -x**3 - 8*x**2 - 6*x + 7. Determine d(h).
0
Let q(x) = x**3 + 2*x**2 + 3*x + 3. Let m be (1/2)/(2/24). Suppose 5*p + 4 = p, 2*n + 4*p - m = 0. Suppose 3 - n = j. What is q(j)?
-3
Let g(u) = u**3 - 3*u**2 + 2*u + 1. Suppose x = -4*l - 7, -l = 4*x + 8 + 5. Let t be -9 + 3 - x - 1. Let k = t - -7. Determine g(k).
7
Let v(h) = -4*h + 2*h**2 - h**2 - h + 8*h. Calculate v(-3).
0
Let d(v) = v**2 + v + 6. Let j be d(-2). Let u(m) = -m**2 + 9*m - 10. Give u(j).
-2
Let q(r) = -4 - r + 2 - 5. Let j(a) = -a + 2. Let u be j(4). Let i = u + -1. Give q(i).
-4
Suppose 0 = -3*l - 3 - 12, 2*l = 3*t - 7. Let j(s) = s - 1. Determine j(t).
-2
Let a(m) = 8*m - 1. Suppose 4*i - 12 + 4 = 0. Suppose 2*j + 3*n + 0*n = -i, -3*j = 4*n + 3. Give a(j).
-9
Let h(u) = -u**2 - 4*u + 5. Let r(d) = -d + 1. Let m(q) = h(q) - 2*r(q). Determine m(-3).
0
Let h(x) = 2 - 3 - 110*x + 123*x. Determine h(1).
12
Let k(l) = 21*l - 14. Let n = 37 - 26. Let f(a) = 7*a - 5. Let q(u) = n*f(u) - 4*k(u). Calculate q(-1).
8
Let q(s) be the first derivative of -s**5/20 + 5*s**4/12 + 3*s**2 + 3*s - 3. Let y(h) be the first derivative of q(h). Determine y(5).
6
Let z be -1*(-2)/6*24. Let o = z - 3. Let d(t) = 4*t - o*t + 0*t + 2*t + 3. Determine d(-5).
-2
Let z(y) be the second derivative of y**5/20 + 7*y**4/12 + 4*y**3/3 + 7*y**2/2 + 9*y. Give z(-6).
-5
Suppose -2*a - 18 = -5*a. Let d(o) = -o**2 + 7*o. Let u be d(a). Let y(r) = -r. What is y(u)?
-6
Let l(y) be the third derivative of -y**7/2520 + y**6/240 - y**5/20 - 5*y**2. Let d(f) be the third derivative of l(f). Calculate d(2).
-1
Let s(v) = -v - 2. Let z = -3 - -5. Let p(o) be the first derivative of -o**4/4 + o**3/3 + 3*o**2/2 - 2*o + 37. Let a be p(z). Calculate s(a).
-2
Let a(z) = -z**3 + 15*z**2 - 16*z + 33. Let r be a(14). Let j(h) = h**3 - 5*h**2 + 2. Determine j(r).
2
Let z(j) = j**3 + j**2 - j - 4. Suppose o + 2 = -1. Let s = 7 + o. Let d = s - 4. Give z(d).
-4
Suppose -5*v + 3*u = -14, -5*v - 4*u + 18 = -10. Let z(p) = -p**3 + 4*p**2 - p - 3. What is z(v)?
-7
Let j be (-5)/(-30)*10*-3. Let u be (-25)/(-9) + 4/18. Let p(k) = 4*k**3 + 0*k**3 + 5*k**2 - u*k**3 + 4. Give p(j).
4
Let n(d) = -d**2 + 4*d + 3. Let p be n(4). Let c(h) = -3*h**2 + 3*h + h**2 - 2*h**2 + 3*h**2 + p. What is c(5)?
-7
Let n = -7 - -1. Let c be (3 - 3) + n + 3. Let r(m) = m**3 + m**2 - 2*m + 3. Determine r(c).
-9
Let b(y) = y**3 - 5*y**2 - 7*y - 1. Let z be -2*(2 - 1) + 8. Let t be b(z). Let k(s) = 2*s + 10. Let a be k(t). Let g(h) = -h**3 - 3*h**2 + 3*h + 4. Give g(a).
8
Suppose -4*w = 4*m, w - 4*w - 24 = -5*m. Let o(a) = m*a**2 - 3*a**2 + 1 - 2*a - a**2. What is o(-2)?
1
Let l = 4 - 7. Let k(s) be the first derivative of s**3/3 - s**2/2 - s + 3. Let f(p) be the first derivative of k(p). Calculate f(l).
-7
Let w(b) = 5*b. Let y(l) = -10*l - 1. Let g = -19 - -34. Let u(h) = g*w(h) + 5*y(h). Let o(n) = -6*n + 1. Let c(z) = -9*o(z) - 2*u(z). What is c(-3)?
-11
Let a(h) = -14*h + 7. Let x(t) = -7*t + 4. Let u(l) = 3*a(l) - 5*x(l). What is u(-1)?
8
Let d(n) = n**3 + 5*n**2 + 2*n + 7. Suppose 11 = -4*z - 9. What is d(z)?
-3
Suppose 5*h + 0*m - 35 = -2*m, -4*h + 25 = m. Let v(g) = -g**2 + 2*g + 6. Give v(h).
-9
Let o(u) = -11*u - 2 - 9*u + 1 - u**3 - 2*u**2 + 21*u. Calculate o(-2).
-3
Let b(k) = -58 + 126 - 64 + k. Give b(-6).
-2
Let y(z) = z**3 + z**2 + 2*z - 1. Let i(u) = -8*u + 6*u**2 + 11 - 12*u**2 + 5*u**2. Let s be i(-9). Suppose s*d = d - 2. Determine y(d).
-9
Let a(q) = -2*q + 17. Let u(y) = -y + 8. Let h(n) = -2*a(n) + 5*u(n). Determine h(-5).
11
Let r(w) = 3*w. Let c = -74 - -70. Give r(c).
-12
Let l(m) be the third derivative of m**6/120 - m**5/20 + m**4/24 + m**3/6 + 5*m**2. What is l(3)?
4
Let a = -7 + 21. Suppose 2*v = a - 26. Let c(o) = o**3 + 6*o**2 + 2*o + 7. Give c(v).
-5
Let z(x) = 36*x + 4 + 0*x**2 - 40*x - x**2. Calculate z(-6).
-8
Let y(h) be the first derivative of -h**4/4 - 4*h**3/3 + 3*h**2/2 - 3*h + 13. Let w be (-2)/6 + (-24)/9. Let x(a) = a - 2. Let b be x(w). Calculate y(b).
7
Let j(b) = b**2 - 7*b - 3. Let q be j(8). Let n(g) = 6 + q*g - 7*g - 2*g. Determine n(5).
-14
Suppose 4*i = i - 3. Let o(n) = 2*n - 1. What is o(i)?
-3
Let g(s) = -3 - 2 + 7*s - 2. Let t(y) = -13*y + 13. Let p(k) = 11*g(k) + 6*t(k). Determine p(-2).
3
Let y be -2 + 4 + -1*(5 + -3). Let u(h) be the second derivative of -h**3/6 + 4*h**2 - h. Calculate u(y).
8
Let g(w) = 2*w - 3.